*7/5040 - z**6/360 - z**5/15 + 10*z**2. Let f(h) be the third derivative of x(h). What is f(10)?
8
Let z(w) = -7*w**3 + 5*w**2 - 4*w + 2. Let n(c) = -6*c**3 + 5*c**2 - 4*c + 2. Let m(s) = -6*n(s) + 5*z(s). Determine m(5).
18
Let d(i) = -2 - 3 - 2 + i - 1 - 2*i. Calculate d(-5).
-3
Let q(g) be the first derivative of -g**2 - 17*g + 64. What is q(-7)?
-3
Let s(f) be the third derivative of f**6/120 - f**5/6 + 3*f**4/8 + 5*f**3/6 - 3*f**2. Let c be s(9). Let z(j) = 3 + 5 + j - c - 4. Give z(0).
-1
Let f = -167 + 172. Let j(w) = 11*w + 17. Let l(v) = 45*v + 69. Let d(o) = 21*j(o) - 5*l(o). Let b(x) = -7*x - 13. Let a(h) = f*b(h) + 6*d(h). Determine a(-7).
0
Let j(g) = 5*g**2 + 5*g - 1. Let r(x) be the third derivative of x**5/15 + 5*x**4/24 - x**3/6 - 20*x**2. Let t(p) = -5*j(p) + 6*r(p). Give t(4).
3
Let d = -962 + 965. Let p(b) = b**2 + 1. Let l(y) = -y**2 - y + 1. Let w(u) = l(u) + 2*p(u). Give w(d).
9
Let v(k) = 2*k**2 - 7*k - 9. Let n(u) = -6*u**2 + 20*u + 26. Let y(s) = 5*n(s) + 14*v(s). Suppose 3*t + 27 = 4*d, 25 = -11*t + 6*t. Calculate y(d).
-8
Let y be 3*((-788)/(-3) + 4). Let s be y/(-125) + 2/5. Let c(k) = -k**2 - 6*k. What is c(s)?
0
Let m(k) be the second derivative of k - 1/2*k**3 + 0 - 2*k**2 - 1/12*k**4 + 1/20*k**5. Determine m(3).
5
Let u(i) = -i**3 - 2*i**2 - i - 2. Let q be u(-2). Suppose q = b + b - 28. Let v(f) = 25 - f - 18 - b. What is v(0)?
-7
Let i(r) = 669*r**2 + 3 + 670*r**2 - 1340*r**2 + 2*r. Give i(6).
-21
Let n(d) = 4*d**3 + 2*d**2 + d + 1. Let u(s) = 7*s**3 - 2*s**2 + 7*s - 8. Let g(m) = -2*n(m) + u(m). What is g(-7)?
4
Let s(g) = g**2 - 2*g + 1. Let k be s(2). Suppose -4*z + k = -7. Let w(v) = 1 + 0*v**z + 3*v - v**3 + 8*v**2 - 4*v**2. What is w(5)?
-9
Suppose 21*y = 5*p + 19*y - 54, -p = 3*y - 21. Let d(t) = -t**3 + 12*t**2 + 2*t + 7. Determine d(p).
31
Let s(n) = -n**3 - 17*n**2 - 7*n**2 + 14*n**2 + 10*n - 19 + 0*n**3. Determine s(-11).
-8
Let y = -188 + 189. Let v(k) = 4*k - 1. Determine v(y).
3
Let f(p) = -2*p**2 - 13*p - 8. Let s be f(-5). Let v(y) = -y**3 + 7*y**2 - 2*y + 8. Calculate v(s).
-6
Let p(j) be the third derivative of -j**6/120 + j**5/10 + j**4/24 + j**3/3 + 300*j**2. Determine p(7).
-40
Let o(j) = -3*j - 16. Let u(i) = i + 4. Let k(s) = -o(s) - 2*u(s). Let v be 44/(-6) + 2/(-3). Give k(v).
0
Let t(r) = -2*r**3 - 11*r**2 + 4*r - 18. Let z be t(-6). Let j(f) be the second derivative of f**3/6 + 3*f**2/2 - f. Give j(z).
-3
Let x = 0 + -3. Let r(c) = 5 - 4 - c + 5 + 2*c. Give r(x).
3
Let i(r) = -r**3 + 4*r**2 + 5*r - 6. Let p(c) = c**2 + 5*c + 6. Let u be p(-5). Let d = u - 1. Give i(d).
-6
Let g(f) = f + 2. Let q(d) = d**2 + 6*d - 1. Let z be q(-4). Let l be g(z). Let y(v) = 5*v + 5. Let j(i) = -11*i - 9. Let n(o) = 4*j(o) + 9*y(o). Give n(l).
2
Let g be (-1)/1 + -2 + 0. Let s(w) = 8*w - 6. Let d(r) = 7*r - 4. Let i(k) = 5*d(k) - 4*s(k). What is i(g)?
-5
Let t(p) = -2*p. Let o(x) = 11*x - 2. Let c(u) = o(u) + 5*t(u). Give c(-7).
-9
Suppose 0 = -3*n, -4*r + 4*n = -r - 15. Suppose -9 = -3*b, -2*q + 3*b + 10 = r*b. Let d(c) = 2*c**3 - 27*c + 24*c - 3*c**3 - c**q - c**2. Calculate d(-2).
6
Let w(m) be the first derivative of -5*m**2/2 - m - 58. Give w(-1).
4
Let k(t) = -15 - t**3 - 5*t**2 - 29 + 48 + 3*t. What is k(-5)?
-11
Suppose 13*n + 12*n - 8*n = 0. Suppose 4*i - 4*d = 7 + 13, 4*i = 5*d + 22. Let r(j) = -j + i*j - j + 9. Determine r(n).
9
Let z(k) = -k**2 + 6*k - 5. Let d be -15*(30/225 + 34/(-30)). Let w(c) = c**3 + 6*c**2 - 3*c + 1. Let g be w(-6). Let r = g - d. What is z(r)?
3
Let o(n) = 10*n**2 + 2*n + 1. Let l = -10 + 28. Let c = -14 + l. Let t be (9/2 - c)*-2. Give o(t).
9
Let w(a) be the second derivative of a**3/6 + 7*a**2 - 18*a. Suppose -z - 12 = z. Determine w(z).
8
Let j(s) be the third derivative of -s**5/60 + 5*s**4/12 + 5*s**3/6 - 123*s**2. Give j(10).
5
Let q(h) = h**3 - 3*h**2 + 5*h - 2. Let f(x) = -49*x + 346. Let c be f(7). Calculate q(c).
13
Let z(d) = 2*d**2 + 7*d + 21. Let v(x) = -3*x**2 - 8*x - 22. Let w(m) = -3*v(m) - 4*z(m). What is w(7)?
3
Let d(h) = -3*h + 1. Let p(i) = -i**3 + 8*i**2 + 10*i - 5. Let u be p(9). Calculate d(u).
-11
Let w(p) be the first derivative of 4/3*p**3 + 0*p - 4 + p**2 + 1/2*p**4. What is w(-2)?
-4
Let g = 686 - 699. Let a(n) = -n**3 - 12*n**2 + 11*n - 27. Determine a(g).
-1
Let j(i) = -i - 9. Suppose 11*h = 5*h - 5*h. Calculate j(h).
-9
Let t be (-2 + (-16)/(-6))*3. Let n(v) = 3*v + t*v - 1 + 0*v. Let x be -6*3/(-27)*(15 + -18). Calculate n(x).
-11
Let b(h) = 24 - 43 - 6*h + 17. Determine b(3).
-20
Let r(x) = -5*x**2 + x**3 + 0*x**3 + 8*x - 14 + 4*x**2 + 11*x**2 - 9*x. Let g = 26 + -36. Determine r(g).
-4
Let y(x) = 5*x - 2. Let i(c) = 4*c - 1. Suppose -u = 4*z + 8 + 2, 3*z + 5 = -2*u. Let r(m) = z*y(m) + 4*i(m). What is r(-3)?
-1
Let p(m) = -m**3 + 5*m**2 + 6*m + 2. Suppose 3*a + 9 = 0, -13*y + 12*y = a - 3. Give p(y).
2
Let t(i) be the third derivative of 1/8*i**4 + 0*i + 0 + i**2 + 0*i**3. Let p(v) = 2*v**2 - 8*v + 3. Let r be p(3). Determine t(r).
-9
Let c(q) be the third derivative of -q**5/60 - q**4/24 + 11*q**3/6 + 788*q**2. Calculate c(0).
11
Let m(l) = 3*l - 2*l + 48 + 36*l**2 + 42*l**2 - 77*l**2 - 2. What is m(0)?
46
Let l(b) = b**3 + 5*b**2 + 2*b - 4. Suppose -34*p + 132 = -37*p. Let m = 40 + p. What is l(m)?
4
Let b(v) = -v - 2. Let g be b(-6). Suppose -2*q - 4*f = -g, 5*q - 2*f - 2 = 8. Let j(z) = q*z + 11 + 0 - 1 - 1. Give j(-6).
-3
Let c(q) be the third derivative of q**6/360 + q**5/40 + q**4/2 + 12*q**2. Let w(r) be the second derivative of c(r). Give w(-6).
-9
Let l(y) = 1. Let p(j) = -j**2 - 14*j + 8. Let k(t) = 5*l(t) - p(t). Give k(-14).
-3
Let w(s) be the first derivative of s**2 - 846. Suppose -3*f + 24 = 3*d, -5*d + f + 12 = -d. Give w(d).
8
Suppose 3*f = v - 25, 4*v + v - 41 = 3*f. Let i(k) = k + 1. Give i(f).
-6
Let r(k) be the second derivative of 5*k - 5*k**2 + 1/6*k**3 + 0. Let d be r(6). Let f(t) = t**2 + 4*t + 5. Give f(d).
5
Let u = -3 - -6. Let o be 6/(-3) + (4 - -2). Suppose 2 = 2*j + o*h, -3*h = 6*j - u*j. Let k(f) = 3*f**2 + f. Give k(j).
2
Let t(l) = -l**2 - 6*l + 1. Suppose 4*i + 287 = -5. Let y = i + 68. What is t(y)?
6
Suppose 16 = 4*x + m - 12, -4*m = -3*x + 21. Let h(d) = -d**3 + 6*d**2 + 9*d + 9. What is h(x)?
23
Let x(d) = 376 + 3*d - 400 + 0*d - 6*d + d. What is x(-9)?
-6
Let v be 74/(-10) + -2 - (-104)/260. Let k(l) = -l**3 - 9*l**2 - 2*l - 3. Determine k(v).
15
Let j(g) = g**2 + 25*g + 161. Let m be j(-12). Let u(c) be the third derivative of -5/6*c**3 - 1/24*c**4 + 0 - m*c**2 + 0*c. Give u(-4).
-1
Let d be -38 + 37 + 6/4*4. Let i(c) = -c - 5. Calculate i(d).
-10
Suppose d - 3 = 5. Let q(s) be the third derivative of -s**4/24 + 11*s**3/6 + 15*s**2. Calculate q(d).
3
Suppose 0 = -10*q + 20 - 70. Let z(c) = -c + 1. What is z(q)?
6
Suppose 0 = 154*a - 162*a + 64. Let p(k) = -2*k - 1. What is p(a)?
-17
Let s = 5 - 2. Suppose -46 = -s*d - 238. Let z be (-4)/(-22) + d/(-11). Let n(p) = -p**2 + 7*p + 4. Determine n(z).
10
Suppose -2*u + 8 = -0. Suppose -q = 2 + u. Let o(g) = g**3 + 5*g**2 - 8*g - 9. Give o(q).
3
Let f(q) = -5*q - 21 + 0*q + 21. Let l = 15 - 11. Determine f(l).
-20
Let t be 202/4 + (-5)/(-10). Let p(q) = t*q**2 - 52*q**2 + 0*q + 4 + 6*q. Give p(6).
4
Let s(r) = r**2 - 3 - 3 + 7*r - 2*r**2 + 2. Suppose 0 = 4*a - d - 20, -5 = -2*a + 4*d + 5. What is s(a)?
6
Let q(c) = 32*c + 6*c**2 - 6*c - 22*c - 4*c. Suppose 4*d - 4*v - 12 = -0*d, -5*v - 31 = 3*d. Let l(z) = -z**2 - 2*z - 1. Let m be l(d). Calculate q(m).
6
Let o(z) = 4*z + z**2 + 4*z - 9*z - z + 5 - 11. Calculate o(6).
18
Let l(c) = 5306*c**2 - 5*c - 5305*c**2 + 0 - 5. Calculate l(-5).
45
Let w(u) = -2*u + 12. Let h be (1 + (-6)/24)/(9/48). Give w(h).
4
Let q be 2/4 - (-11)/(-2). Let h(b) be the third derivative of -1/10*b**5 - 22*b**2 + 0*b - 1/120*b**6 + 0 + 7/6*b**3 - 1/6*b**4. What is h(q)?
2
Let s be ((-3)/(-2))/(1/2). Let v(b) = 3*b + 3 - 6*b**2 + 1 + 1 + b**s - 5*b. Determine v(6).
-7
Let d be (-1)/((-2)/3)*-6. Let j = 11 + d. Let v(q) = -6*q - q - 2 + 5*q - j*q. Give v(-2).
6
Let w(f) be the second derivative of -f**4/4 + f**3/3 + 2*f**2 + 9*f + 8. Determine w(-4).
-52
Let n be 621/6*2/3 + -2. Let p = -61 + n. Let r(i) = i**3 - 7*i**2 + 7*i - 5. Calculate r(p).
1
Let x(o) = o + 3. Let y = 11 - 2. Let n(p) = -2*p - 6. Let v(t) = y*x